333078?
2, 59, 36721
List the prime factors of 124055901.
3, 4594663
List the prime factors of 189552512.
2, 19, 41, 1901
List the prime factors of 201081078.
2, 3, 11, 1015561
What are the prime factors of 1491411797?
29, 233, 220721
What are the prime factors of 241375249?
8111, 29759
What are the prime factors of 899586864?
2, 3, 11, 189307
What are the prime factors of 1812298360?
2, 5, 83, 545873
List the prime factors of 67614349.
11, 101, 60859
What are the prime factors of 104816273?
59, 829, 2143
What are the prime factors of 2680874?
2, 7, 191491
What are the prime factors of 86755438?
2, 7, 11, 613, 919
List the prime factors of 335126222.
2, 1429, 117259
What are the prime factors of 1275785005?
5, 11, 31, 193, 3877
List the prime factors of 59935619.
59935619
List the prime factors of 60805034.
2, 167, 307, 593
List the prime factors of 966804255.
3, 5, 2387171
List the prime factors of 37514541.
3, 23, 543689
List the prime factors of 67177960.
2, 5, 1049, 1601
List the prime factors of 22294856.
2, 89, 173, 181
List the prime factors of 8588495445.
3, 5, 2087, 274349
List the prime factors of 41805751.
13, 109, 163, 181
What are the prime factors of 92877879?
3, 67, 462079
What are the prime factors of 856252182?
2, 3, 142708697
List the prime factors of 205453988.
2, 31, 1656887
List the prime factors of 220631174.
2, 110315587
List the prime factors of 761819124.
2, 3, 11, 5771357
List the prime factors of 514567489.
514567489
What are the prime factors of 297412865?
5, 181, 328633
What are the prime factors of 23173225?
5, 149, 6221
List the prime factors of 3219968988.
2, 3, 19, 457, 10301
What are the prime factors of 71406466?
2, 35703233
List the prime factors of 1975040604.
2, 3, 317, 57689
What are the prime factors of 50602836?
2, 3, 71, 59393
What are the prime factors of 16960869?
3, 1297, 1453
List the prime factors of 180063352.
2, 7, 3215417
What are the prime factors of 101633676?
2, 3, 8469473
List the prime factors of 26711699.
7, 3815957
List the prime factors of 716234098.
2, 73, 4905713
What are the prime factors of 245460427?
1033, 237619
List the prime factors of 430661957.
11, 39151087
What are the prime factors of 18862316?
2, 11, 17, 151, 167
What are the prime factors of 1690283100?
2, 3, 5, 11, 512207
What are the prime factors of 871743095?
5, 31, 5624149
What are the prime factors of 1959516255?
3, 5, 523, 249779
List the prime factors of 20682556.
2, 37, 139747
List the prime factors of 826521832.
2, 233, 443413
What are the prime factors of 144635421?
3, 7, 137, 50273
What are the prime factors of 6156631?
13, 31, 15277
List the prime factors of 43935214.
2, 719, 30553
List the prime factors of 308459980.
2, 5, 359, 42961
List the prime factors of 32902261.
7, 4700323
What are the prime factors of 51823317?
3, 7, 13, 19, 97, 103
What are the prime factors of 37544710?
2, 5, 7, 536353
List the prime factors of 3210646715.
5, 642129343
List the prime factors of 45575586.
2, 3, 7, 51673
What are the prime factors of 60104763?
3, 1987, 3361
What are the prime factors of 254208174?
2, 3, 11, 17, 43, 479
List the prime factors of 1328434300.
2, 5, 13284343
What are the prime factors of 2744856644?
2, 53, 12947437
What are the prime factors of 6255684888?
2, 3, 17, 29, 528709
List the prime factors of 693532045.
5, 138706409
What are the prime factors of 674975486?
2, 10771, 31333
List the prime factors of 887820569.
2843, 312283
List the prime factors of 58229604.
2, 3, 19, 1051
What are the prime factors of 4817191895?
5, 107, 9004097
What are the prime factors of 74906667?
3, 11, 179, 1409
List the prime factors of 1376128554.
2, 3, 229354759
What are the prime factors of 24050252?
2, 311, 19333
List the prime factors of 583615470.
2, 3, 5, 19453849
List the prime factors of 849241493.
849241493
What are the prime factors of 351081854?
2, 175540927
List the prime factors of 193374159.
3, 11, 139, 42157
List the prime factors of 778255164.
2, 3, 21618199
List the prime factors of 219498098.
2, 131, 837779
List the prime factors of 139275325.
5, 7, 113, 7043
What are the prime factors of 749470284?
2, 3, 229, 90911
List the prime factors of 335892224.
2, 1312079
What are the prime factors of 2117093433?
3, 7, 13, 43, 180347
List the prime factors of 19064584.
2, 7, 11, 30949
List the prime factors of 8130575.
5, 19, 17117
What are the prime factors of 305962325?
5, 29, 503, 839
What are the prime factors of 185301527?
185301527
List the prime factors of 568628342.
2, 17, 16724363
List the prime factors of 1772033617.
1373, 1290629
What are the prime factors of 24135056?
2, 11, 137131
What are the prime factors of 2817011009?
2817011009
List the prime factors of 573085892.
2, 409, 433, 809
List the prime factors of 9359811.
3, 1039979
List the prime factors of 660910833.
3, 11, 67433
List the prime factors of 385216551.
3, 42801839
What are the prime factors of 128000396?
2, 1489, 21491
List the prime factors of 234176268.
2, 3, 103, 189463
What are the prime factors of 23273406?
2, 3, 13, 43, 257
What are the prime factors of 30018175?
5, 11, 17, 6421
List the prime factors of 22339231.
19, 37, 43, 739
What are the prime factors of 421256754?
2, 3, 7801051
What are the prime factors of 1936144939?
601, 3221539
List the prime factors of 67856034.
2, 3, 61, 397, 467
What are the prime factors of 50178416?
2, 101, 31051
List the prime factors of 1190214630.
2, 3, 5, 11, 43, 73, 383
List the prime factors of 72998850.
2, 3, 5, 17, 28627
What are the prime factors of 1924104030?
2, 3, 5, 17, 3772753
What are the prime factors of 1688825919?
3, 11, 67, 69439
List the prime factors of 41412881.
41412881
What are the prime factors of 183039809?
137, 1336057
What are the prime factors of 772375632?
2, 3, 7, 43, 1091
What are the prime factors of 311600632?
2, 7, 5564297
List the prime factors of 45088330.
2, 5, 7, 19, 29, 167
List the prime factors of 491119654.
2, 245559827
List the prime factors of 10477732.
2, 2619433
List the prime factors of 7651935.
3, 5, 56681
List the prime factors of 24270150.
2, 3, 5, 37, 4373
What are the prime factors of 83285416?
2, 307, 33911
List the prime factors of 32923796.
2, 8230949
List the prime factors of 220656013.
53, 101, 41221
List the prime factors of 50384647.
50384647
List the prime factors of 96899858.
2, 11, 1283, 3433
List the prime factors of 234956703.
3, 59, 367, 3617
What are the prime factors of 63909424?
2, 67, 59617
What are the prime factors of 119318350?
2, 5, 397, 6011
List the prime factors of 1427094677.
577, 2473301
List the prime factors of 58683910.
2, 5, 1061, 5531
What are the prime factors of 296321006?
2, 23, 193, 33377
What are the prime factors of 6422385701?
43, 67, 617, 3613
What are the prime factors of 43551439?
19, 2292181
List the prime factors of 8103159.
3, 71, 1409
What are the prime factors of 101002539?
3, 11, 3060683
What are the prime factors of 5785526906?
2, 2892763453
What are the prime factors of 80771637?
3, 26923879
What are the prime factors of 237410601?
3, 2371, 33377
List the prime factors of 3371228989.
37, 61, 1493677
What are the prime factors of 84892952?
2, 10611619
List the prime factors of 568155499.
19, 23, 1300127
List the prime factors of 95396624.
2, 5962289
List the prime factors of 62027954.
2, 73, 424849
List the prime factors of 583062030.
2, 3, 5, 557, 3877
List the prime factors of 10970655.
3, 5, 23, 31799
What are the prime factors of 1677358459?
7, 3767, 63611
List the prime factors of 3401349373.
3401349373
List the prime factors of 320593115.
5, 29, 2210987
What are the prime factors of 1831396808?
2, 17, 1229, 10957
What are the prime factors of 54817716?
2, 3, 4568143
What are the prime factors of 423288425?
5, 7, 2418791
What are the prime factors of 87333738?
2, 3, 14555623
List the prime factors of 135618284.
2, 3301, 10271
List the prime factors of 1740727419.
3, 37, 43, 251, 1453
List the prime factors of 921212814.
2, 3, 153535469
List the prime factors of 29201889.
3, 9733963
List the prime factors of 41036935.
5, 71, 115597
List the prime factors of 32269614.
2, 3, 13, 413713
What are the prime factors of 26967307?
59, 61, 127
What are the prime factors of 3002754457?
31, 43, 2252629